at is the remainder when 68 is divided by v?
12
Let l(o) = 2*o**2 - 14*o + 40. Let i be l(7). Suppose 0 = -i*f + 39*f + 5. Let p(b) = -4*b - 7. What is the remainder when p(-5) is divided by f?
3
Let z be (2 + 40/(-6))/((-2)/12). Suppose 10*v - z - 2 = 0. Suppose -v*g = -3*p - 191 - 199, 4*p = 5*g - 649. Calculate the remainder when g is divided by 22.
19
Suppose 560 = 17*f - 9*f. Let y = 66 - 63. What is the remainder when f is divided by y?
1
Let k = 584 - 436. Suppose 3*z - 384 = -3*m, 0*m + k = m - 4*z. What is the remainder when m is divided by 9?
6
Let m = -28017 - -28342. Calculate the remainder when m is divided by 321.
4
Suppose 16 = -7*i - 12. Let z be -2 + 6 + (-5)/(1 - i). Calculate the remainder when z - -2 - 0 - -23 is divided by 19.
9
Let n(j) = -j**2 - 20*j - 8. Calculate the remainder when (49 - -327)*(-3)/(-12) is divided by n(-18).
10
Let a(o) = -5*o - 8. Suppose 0 = s + 4. Let q(d) = 24*d - 29. Calculate the remainder when q(2) is divided by a(s).
7
Let i(c) = 2*c**2 - 22*c + 68. Let l be 1*(-10 - 9)*-1. Calculate the remainder when i(l) is divided by 76.
68
Let q = 154 - 152. What is the remainder when (-1 - (-71)/q)*532/114 is divided by 45?
26
Let h be 7*3/12*4. Suppose 2*p + 6 = 2*c, 3*c - 2 = p + h. Suppose 37*v + 76 = 631. What is the remainder when v is divided by c?
0
Suppose 80 = -5*a + 2*c, -2*a = -4*a + 4*c - 32. Let i = -17 - a. What is the remainder when (258/301)/((-82)/84 - i) is divided by 24?
12
Suppose -4466 = -19*c + 683. Suppose -7*m = -c - 212. What is the remainder when m is divided by 7?
6
Let v be 59/(-2)*(-25 - -21). Let z = 131 - v. Let i = 83 - 32. What is the remainder when i is divided by z?
12
Suppose 24*x = -4*x - 4536. Let s = -154 - x. Suppose 0 = z - 22 - 8. What is the remainder when z is divided by s?
6
Let n(w) = w - 5. Let i be n(10). Suppose -d + 223 - 56 = i*t, 5*t - 182 = 4*d. What is the remainder when 64 is divided by t?
30
Suppose -169*g - 144 = -3126 - 1074. Calculate the remainder when 262 is divided by g.
22
Let w(b) = -b**3 + 6*b**2 - 7*b + 26. Calculate the remainder when 268 is divided by w(4).
28
Suppose 235*m - 238*m = 5*h - 16, m + 4 = 3*h. Let k(u) = 8*u - 8. Calculate the remainder when k(4) is divided by m.
0
Suppose -119*z = -122*z + 30. Suppose -u = -4*a - 5407, -3*u + u - z = 0. Calculate the remainder when 161 is divided by (4/6)/((-22)/a).
38
Suppose -5*c - 3*n - n + 2212 = 0, -3*c + 1335 = 5*n. Let f = -417 + c. Calculate the remainder when 156 is divided by f.
18
Suppose 2*d + 7*d - 117 = 0. Suppose 5*h = 5*o + 10, o = -3*h + 3*o + 8. What is the remainder when 3 - 1 - 42*h/(-8) is divided by d?
10
Let i be ((-4)/(-22))/((-39)/(-429)). What is the remainder when -7 + i - (-7)/2*8 is divided by 9?
5
Suppose -388 = -208*s + 204*s - 3*y, 0 = 5*s - 4*y - 485. What is the remainder when 1841 is divided by s?
95
Suppose -2*g + 8754 = -186*v + 184*v, g - 4397 = -3*v. Calculate the remainder when g is divided by 122.
112
Let n = 19059 - 19042. Calculate the remainder when 248 is divided by n.
10
Suppose 41*s - 8866 = 6548 + 1273. Calculate the remainder when s is divided by 400.
7
Let b be (-38)/209 + (-2631)/(-11). Suppose 315*l - 314*l = b. What is the remainder when l is divided by 12?
11
Let g(u) = 418*u - 5360. What is the remainder when g(66) is divided by 45?
43
Let r(v) = -2*v**3 + 45*v**2 - 9*v - 188. Calculate the remainder when 223 is divided by r(22).
27
Let q = -17 + 18. Let d be -4 + 3 - (3 - 4)/q. Suppose -65 = -5*z + p, 5*p = -d + 25. What is the remainder when 20 is divided by z?
6
Calculate the remainder when 1248 is divided by ((-2)/8)/((-154)/(-71918))*-4.
314
Suppose -4*h + p - 8 = 0, 0*h + 2*p = -4*h - 8. Calculate the remainder when 41*(-1)/h*40/20 is divided by 9.
5
Let i be 1 + -5 + (-9)/(-9 + 12). Calculate the remainder when 134 is divided by i*(-5)/35*20.
14
Let x = 420 + -392. Suppose x*t - 1311 = 649. What is the remainder when 279 is divided by t?
69
Suppose -3*b = -5*n - 933 - 218, 1538 = 4*b - 5*n. Calculate the remainder when b is divided by 26.
23
Calculate the remainder when 1940 is divided by (18/(-4))/(-3)*-5*1092/(-210).
29
Let q = 98 - 70. Suppose -38*a + 42*a + 1544 = 0. Calculate the remainder when a/(-4) - 7/(-14) is divided by q.
13
Suppose -30 = 2*a - j + 8, -6 = -3*j. Let d(n) = -n**2 - 23*n - 25. Calculate the remainder when d(a) is divided by 25.
15
Suppose 0 = 4*n + 2*d + 26, -3*n - 5*d + 2 = 4. Calculate the remainder when 825 is divided by 0 + 448/20 - n/15.
20
Suppose 5*r = d - 1314, -2*d + 2477 = -3*r - 172. Suppose 1 + d = 14*s. Let y = -92 + s. Calculate the remainder when 12 is divided by y.
0
Suppose 65 = 5*t - 30. Suppose -t*z + 18*z = -64. Suppose -66 = -2*k + 2*i, -4*k + i = -z - 53. What is the remainder when 109 is divided by k?
25
Let g(y) = -3*y + 108. Let w be g(35). Suppose 4*u - 2*c = 450, -w*c = -u - 2*c + 113. What is the remainder when u is divided by 38?
36
Let p(a) = 145*a + 3792. Let x = 340 - 189. What is the remainder when x is divided by p(-26)?
19
Suppose 13*r = -292 - 7. Let g be ((-1081)/r)/(1*-1). Let j = -26 - g. Calculate the remainder when j is divided by 4.
1
Suppose 0 = -5*y - k + 302 + 177, -291 = -3*y + 3*k. Suppose -235 = c - 6*c. Suppose 0 = -3*b + 146 - c. What is the remainder when y is divided by b?
30
Let u be (-1)/3 + (-6)/9. Suppose 0 = -1016*l + 1019*l, 4*n - 2*l - 16 = 0. Calculate the remainder when 51/3 - (u + 2) is divided by n.
0
Calculate the remainder when 1*-1*(-1607)/2*2*1 is divided by 201.
200
Let p be 5 + -8 - 42/1. Calculate the remainder when (-1 + (-45)/(-25))*p/(-2) is divided by 12.
6
Let y(s) = -17*s + 383. What is the remainder when y(-8) is divided by 29?
26
Suppose 4*o + 2*p + 6 = 0, -5*o = 12*p - 16*p - 25. What is the remainder when 330 is divided by 48*(-12 + 9)*o/(-3)?
42
Let p(g) = 3*g - 40. Let a be p(14). Calculate the remainder when a + 2 + (12 - -323) is divided by 38.
35
Suppose 0 = -6*v + 64 - 22. Suppose 2*d - v = -1. Let f = d - -101. What is the remainder when f is divided by 18?
14
Let f(l) = -17*l**2 + 125*l + 1. Let g(a) = 2*a - 1. Let k(w) = f(w) - 2*g(w). What is the remainder when 67 is divided by k(7)?
16
Let u(b) = -25*b - 13. Suppose i = -i + 156. Suppose i = 3*f - 6. What is the remainder when u(-6) is divided by f?
25
Let k = 1200 + -650. Suppose 33*g - 58*g = -k. Let l(t) = -t**3 + 6*t**2 + 6*t + 7. Calculate the remainder when l(5) is divided by g.
18
Let m(n) = 107*n + 880. What is the remainder when 578 is divided by m(-8)?
2
Let d(n) = -n**3 - 108*n**2 + 731*n + 5389. Let v = -481 + 693. What is the remainder when v is divided by d(-114)?
26
Let q = 107 + -81. Suppose 24*s = q*s - 156. Calculate the remainder when s is divided by 41.
37
What is the remainder when 44 is divided by 1/(-2)*(-2244)/102?
0
Let m(w) = w - 67*w + 35*w - 9. Calculate the remainder when m(-2) is divided by 15.
8
Let y = 105 - 4. Let p = 112 - y. What is the remainder when 85 is divided by p?
8
Let g = -2666 + 2883. What is the remainder when g is divided by 56?
49
Let y be ((-51)/34)/((-2)/4). Let k be -4 - (122/(-1) - 3). Suppose -y*q = -20 - k. What is the remainder when 181 is divided by q?
40
Let h = 245 + -204. Calculate the remainder when 218 is divided by h.
13
Let h(o) = -o**3 + 10*o**2 + 11*o + 9. Let u be h(11). Suppose -n = -10*n + u. Let v = 13 + n. What is the remainder when 54 is divided by v?
12
Let d(i) = -i**2 - 34*i - 162. Suppose 2*g - 34 = -c, -3*c - 10 = 2*c. Calculate the remainder when d(-22) is divided by g.
12
Suppose 0 = -3*c + 133 + 5441. Suppose 17*f - c = -243. Calculate the remainder when f is divided by 7.
4
Let h(a) = 10*a**3 + 14*a**2 - 12*a - 1. Let l(v) = -3*v**3 - 5*v**2 + 4*v. Let t(b) = 2*h(b) + 7*l(b). Calculate the remainder when t(-8) is divided by 9.
3
Suppose -2 = -5*s + 23. Let q(k) = 7*k + s*k - 9 - 2 - 4*k. Calculate the remainder when q(3) is divided by 3.
1
Let d = -5473 + 5530. Suppose -5*r = 8 + 7. What is the remainder when d is divided by 17 + (r + 2)*2?
12
Let x(b) = 2*b - 66. Let i(m) = -5*m + 67. Let s(w) = 4*i(w) + 5*x(w). Calculate the remainder when 23 is divided by s(-7).
7
What is the remainder when 1005 is divided by (4/(-5))/((2/(-146))/((-120)/(-48)))?
129
Let k = 77 + -8. Let j = 137